et o = 1 - -1. Suppose 0 = 3*r + 15, -282 = -4*p + o*r + 572. Is p composite?
False
Let z = 30 + -7. Let c = z + -21. Is c prime?
True
Let o = 1399 + -648. Is o prime?
True
Suppose -425 = -19*f + 14*f. Is f prime?
False
Let f(k) = 2*k**2 - 2*k - 8. Let r be f(7). Suppose -2*n = -r - 82. Is n composite?
False
Let q(u) = u - 1. Let y(l) = 3*l. Let v(b) = 2*q(b) - y(b). Let w be v(-2). Suppose w = -5*r + 2*r + 165. Is r a composite number?
True
Is (26 - 3340)*(-3 - -2)/2 composite?
False
Let c(j) = 17*j**3 - 4*j**2 + 5*j - 13. Is c(4) prime?
True
Suppose 3*g + 5*i - 985 = 3, 3*g - 989 = -4*i. Is g a composite number?
False
Is 3 + -1 - 2 - -46 a prime number?
False
Let b(p) be the third derivative of 9*p**4/4 + p**3/6 - 2*p**2. Let z be b(2). Suppose -z = 2*c - 7*c - 4*u, 3*c - 4*u = 59. Is c prime?
False
Let g = -97 + 225. Suppose -3*q = -w - 0*w - 91, 4*q + 2*w = g. Is q composite?
False
Suppose 2*i - 4136 = -2*i - 4*o, -2103 = -2*i + 5*o. Is i prime?
True
Suppose q - 6*q = 5. Let h be (-2)/(2/q)*-1. Is 3 - (h - -1 - 0) composite?
False
Suppose 0 = 4*s + 20, -3*r + s = -88 + 8. Suppose 4*d = -d + r. Suppose 355 + 40 = d*f. Is f prime?
True
Suppose 0 = -2*a - 3*a + 20. Suppose -a*k = -8 - 4. Is k a prime number?
True
Is 5*1/(-2)*25558/(-65) prime?
True
Is 514 - 2*(-6)/4 prime?
False
Let v = 406 + 385. Is v a composite number?
True
Let q(r) = r. Let p be q(2). Suppose -1 - p = -2*v + 3*m, -27 = -3*v - 3*m. Is v prime?
False
Let o(l) = -2*l**3 - 2*l**2 + 3*l + 4. Let h(p) = p**3 + 9*p**2 + 7*p - 11. Let i be h(-8). Is o(i) a prime number?
True
Let b(w) = 30*w**2 - 5*w + 2. Suppose 3*p + 6 - 15 = 0. Is b(p) a composite number?
False
Suppose 4*q = 6 + 18. Suppose q = -3*p + p. Is (-69)/(p/(-6)*-3) prime?
False
Let d(p) = -77*p + 3. Is d(-2) a prime number?
True
Let l(x) = x - 40. Let a be l(0). Let i = 117 - a. Is i a prime number?
True
Suppose 15*p - 856 = 11*p. Is p a composite number?
True
Is ((-2)/(-9))/(40/90)*2734 a composite number?
False
Let n = 9 - 9. Suppose -w - 821 = -5*x - 4*w, 5*x - 2*w - 811 = n. Is x composite?
False
Let x(k) = -1 + 4 + 8 + 12*k + 1 - k**2. Is x(11) a prime number?
True
Suppose -12*t + 11048 = -1996. Is t composite?
False
Suppose 2*z = -0*z - 8, 5*c = 3*z - 3373. Let h = -382 - c. Is h prime?
False
Suppose -4*u = -s + 4627, -3*s = -s + 3*u - 9265. Is s a composite number?
True
Let x = 22 - 32. Let y be x/(-35) - 2/7. Suppose -k + 4*p - 9*p = -83, 3*p = y. Is k composite?
False
Is 4/10 - (-11073)/5 prime?
False
Suppose -3*a + 0*g = -3*g - 2358, 3*g - 3954 = -5*a. Is a a prime number?
False
Let p be 38/8 - 2/(-8). Suppose 4*s - 2 = -2*l, -p*l = -s - 0*s - 5. Suppose 0 = -3*h + x - s*x + 4, -4*x + 35 = 5*h. Is h composite?
False
Let o be -6*6/27*-3. Suppose 0 = 2*j + c - 82 - 48, 0 = -2*j - o*c + 118. Suppose j = 2*w - w. Is w composite?
False
Suppose k - 27 = 28. Is k composite?
True
Let t be 5 + -6 + 1*-2. Is (-9 + -437)/(1 + t) prime?
True
Let d(k) = -k**3 + 7*k**2 + k - 10. Let l be d(7). Let t = 5 + l. Is t prime?
True
Let g = 62 - 25. Is g prime?
True
Suppose -y = -4*y + 1398. Is (6 + -4)*y/4 prime?
True
Let i(j) = -14*j**3 - 7*j**2 - 6*j + 11. Is i(-6) prime?
True
Suppose -o - 10 = 3*f, -2*f - 8 = -2*o - f. Suppose -o*b = -5*p + 1295, 0*p + 1310 = 5*p - 5*b. Is p prime?
True
Suppose 0 = 3*w - 2*f - 151, 4*f - 100 = -3*w + 75. Is w composite?
False
Let v = 216 - -857. Is v a prime number?
False
Suppose -4*x + 988 = x - 2*l, 0 = x - 2*l - 204. Suppose -p = 3*p - x. Is p a composite number?
True
Let k be ((-1)/2)/(2/8). Let z be (k/(-3))/((-3)/(-135)). Suppose -5*s + 5*q = -z, -4*s + q + 26 = -q. Is s composite?
False
Suppose f - 2 = -3*p, -2*p - 4 = -2*f + 2*p. Is (f + 31)*(-1 - -2) a composite number?
True
Let f(l) be the first derivative of -5*l**4/4 - l**3/3 - 2*l - 1. Let h = 2 + -4. Is f(h) composite?
True
Let g = 1573 - -1312. Is g a composite number?
True
Let w be 0/((-2 - -2) + -1). Let o(r) = -90 + 223 + 204 - r. Is o(w) a composite number?
False
Suppose 5*s - 395 = -0*s. Is s a composite number?
False
Let r be -5*(-2)/(6/3). Suppose u = -r*i - 4, -u + i + i = -10. Is u - (0/(-1) + 2) a prime number?
False
Suppose -5 = -2*g + 7*g. Is (249/(-6))/g*2 a composite number?
False
Let q(s) = 2*s**3 + 2 + 11*s - s + 0*s - 9*s**2. Is q(5) prime?
False
Suppose -3*a + a = -14. Let m(d) = a*d - 2*d + 2*d. Is m(3) a composite number?
True
Let j be 4*-4*1/(-2). Let c(w) = w**2 - 7*w - 3. Let p be c(j). Suppose 0*z = -p*z + 185. Is z prime?
True
Let k(l) = -l**2 - 9*l - 4. Let d be k(-9). Let w(f) = f**2 - f - 1. Is w(d) composite?
False
Let k = -7 - -9. Is 85 + k/(-1) - -2 prime?
False
Let c(q) = -8*q**3 + 6*q**2 + 4*q - 2. Let u be c(-4). Suppose 2*r - u = -52. Is r a prime number?
True
Suppose -1836 = -4*f + 3*q, -2*q - 1377 = -4*f + f. Suppose -3*t = -t + 3*a - 170, a = 5*t - f. Is t prime?
False
Suppose 2*u = -u + 15. Suppose u*k - 319 - 236 = 0. Is k prime?
False
Suppose -4*p + 3*t + 9 = 3, 2*p - 14 = -4*t. Suppose -12 = -0*g - p*g. Suppose -y = -g*y + 63. Is y a composite number?
True
Let i = -76 + 565. Is i a composite number?
True
Suppose -15*y + 11*y = -36. Suppose 4*a - y*a + 415 = 0. Is a a prime number?
True
Let y(c) = 47*c**2 + 2*c. Let k be y(2). Let g be 5/3*(-11 + -58). Let j = g + k. Is j a prime number?
False
Suppose 0*o + o = -2*p, 0 = 2*o - 4. Is (-816)/(-12) - (-1)/p composite?
False
Let b(q) = q**3 - q + 1. Let l(t) = 5*t**3 - t**2 - 7*t + 6. Let c(k) = -4*b(k) + l(k). Suppose d + 3 = -3*i, -5*d - 4*i + 3 = -4. Is c(d) a composite number?
False
Is -2062*(6/4)/(-3) prime?
True
Let f be -2*(-3)/6*-14. Let s = f + 21. Suppose -3*o = -s - 2. Is o composite?
False
Suppose -6*x = -x + 25. Let d(y) = y**2 + 9*y - 6. Let i(s) = -s**2 - 10*s + 7. Let c(o) = x*d(o) - 4*i(o). Is c(-5) a prime number?
True
Suppose 0 = 4*t - a - 846, -4*t - 5*a - 221 = -5*t. Is t a prime number?
True
Let n(j) = -j + 5. Let l be n(0). Suppose 2*x - 4*m = -0 + 2, x - l*m = -2. Suppose -x*i + 0*i + 237 = 0. Is i prime?
True
Suppose -v + 5 = 5*s, 2*s + 0 - 2 = 0. Suppose -a = -v*a. Is 18 - (-1 - a)/1 prime?
True
Let q(v) = -4*v**2 - 3*v - 5. Let k(n) be the first derivative of n**3/3 - n**2/2 + n + 1. Let m(j) = -5*k(j) - q(j). Is m(7) a prime number?
True
Let g(l) = l - 5. Let d(m) = -m + 6. Let x(z) = -4*d(z) - 5*g(z). Let n be x(-2). Suppose -4*k - 125 = -3*f, -n*f - f - 3*k = -200. Is f a composite number?
False
Suppose -u = 4*u - 20. Suppose -5*n = u*t - n - 476, t - 3*n = 127. Is t a prime number?
False
Let q(n) = 60*n - 10. Let b be q(-11). Is (b/(-4) - 3)*2 prime?
False
Let q(l) be the first derivative of 2*l**6/45 - l**5/40 - 5*l**4/24 + l**3/3 + 3. Let u(g) be the third derivative of q(g). Is u(-4) composite?
False
Is ((-3 - 0) + 6 - -861) + -1 a prime number?
True
Let y(k) = -8*k**3 + 10*k**2 + 6*k + 5. Is y(-4) a prime number?
True
Let o be 4/20 + (-754)/(-5). Suppose o = 4*d - 189. Is d composite?
True
Let a = -1467 - -3224. Is a a prime number?
False
Is (2721 - -1)*-1*1/(-2) prime?
True
Suppose -v = -3*v + 8. Let t be ((-8)/(-6))/(v/18). Is (t/(-18))/(2/(-138)) prime?
True
Suppose -2*t - 4 = 4*s, 3*t + 4*s + 2 = 2*t. Let z be 2 - 1*1*t. Suppose -a - 285 = -z*a. Is a a composite number?
True
Suppose 4 = 2*n + 2, j - 3*n - 140 = 0. Is j a prime number?
False
Let j(y) = y**3 + 8*y**2 + 7*y + 6. Let h be j(-7). Let o(t) = h*t + 7 - t - t + 8*t. Is o(6) composite?
False
Is (-9)/21 - 16120/(-14) composite?
False
Let g(y) = 49*y - 3. Let q be g(4). Suppose -6*s = -s + 490. Let l = s + q. Is l a composite number?
True
Suppose -5*q - 67 = 4*k, -3*q - 4*k + k - 39 = 0. Is 100/q*(-87)/4 a prime number?
False
Let a = 10 + -6. Let n = -2 - a. Is 2/(-3)*117/n a composite number?
False
Let g(l) = -4*l**3 - 5*l**2 - 8*l - 9. Is g(-7) a composite number?
True
Let r(o) = o**3 + 4*o**2 - 4*o + 5. Let j be r(-5). Suppose 0*g - 5*g + 785 = j. Is g a composite number?
False
Let r be 2/(-9) + 100/45. Suppose r*f + 22 = -5*p, -5*f = -0*p - 2*p - 3. Is 56 - f/((-1)/3) a prime number?
True
Suppose 7*z = 3*z + 88. Is z composite?
True
Suppose -5*w = -2*s - 641, 5*w + 3*s - 165 = 461. Let p = w - 76. Is p prime?
False
Let y(x) = -x**2 - 5*x + 7. Let t be y(5). Let l = 62 + t. Is l a prime number?
True
Let p = 2568 + -1791. Let z = p - 515. I